 divided by 288?
43
What is the remainder when 134781 is divided by 288?
285
Calculate the remainder when 143393 is divided by 3.
2
Calculate the remainder when 11335 is divided by 369.
265
Calculate the remainder when 2416 is divided by 81.
67
What is the remainder when 2700433 is divided by 89?
84
Calculate the remainder when 4590 is divided by 485.
225
Calculate the remainder when 75365 is divided by 282.
71
Calculate the remainder when 1145460 is divided by 463.
461
What is the remainder when 592914 is divided by 60?
54
What is the remainder when 403 is divided by 38?
23
Calculate the remainder when 22927 is divided by 7561.
244
Calculate the remainder when 89622 is divided by 308.
302
What is the remainder when 6901 is divided by 11?
4
What is the remainder when 3253138 is divided by 59?
55
Calculate the remainder when 234 is divided by 2.
0
Calculate the remainder when 470799 is divided by 6.
3
What is the remainder when 25548 is divided by 57?
12
Calculate the remainder when 17627 is divided by 678.
677
What is the remainder when 31677 is divided by 1981?
1962
Calculate the remainder when 168208 is divided by 151.
145
What is the remainder when 3220596 is divided by 1219?
1217
Calculate the remainder when 2592 is divided by 370.
2
What is the remainder when 2968 is divided by 9?
7
What is the remainder when 1760 is divided by 691?
378
What is the remainder when 3672 is divided by 578?
204
What is the remainder when 355774 is divided by 19?
18
Calculate the remainder when 14853 is divided by 4895.
168
What is the remainder when 104482 is divided by 20894?
12
What is the remainder when 12847 is divided by 4?
3
Calculate the remainder when 943 is divided by 205.
123
What is the remainder when 304916 is divided by 4918?
0
What is the remainder when 42177 is divided by 228?
225
What is the remainder when 1732 is divided by 357?
304
Calculate the remainder when 41445 is divided by 8288.
5
What is the remainder when 13659 is divided by 166?
47
What is the remainder when 2997 is divided by 1468?
61
What is the remainder when 176303 is divided by 44075?
3
Calculate the remainder when 7533 is divided by 681.
42
Calculate the remainder when 36416 is divided by 12137.
5
What is the remainder when 14922 is divided by 1061?
68
Calculate the remainder when 66444 is divided by 8304.
12
Calculate the remainder when 158155 is divided by 109.
105
Calculate the remainder when 5315 is divided by 274.
109
What is the remainder when 106664 is divided by 1212?
8
What is the remainder when 5147 is divided by 857?
5
What is the remainder when 727543 is divided by 1365?
1363
Calculate the remainder when 17742519 is divided by 21.
18
What is the remainder when 8363 is divided by 31?
24
Calculate the remainder when 127979 is divided by 90.
89
Calculate the remainder when 254984 is divided by 120.
104
Calculate the remainder when 2273 is divided by 1666.
607
Calculate the remainder when 4244 is divided by 931.
520
Calculate the remainder when 595 is divided by 39.
10
What is the remainder when 167649 is divided by 87?
0
Calculate the remainder when 38094 is divided by 9459.
258
Calculate the remainder when 9886 is divided by 1459.
1132
What is the remainder when 1178 is divided by 304?
266
Calculate the remainder when 435817 is divided by 1990.
7
Calculate the remainder when 342141 is divided by 243.
240
Calculate the remainder when 4280 is divided by 63.
59
Calculate the remainder when 31867 is divided by 677.
48
What is the remainder when 52073 is divided by 66?
65
What is the remainder when 830660 is divided by 361?
360
Calculate the remainder when 7966 is divided by 1581.
61
What is the remainder when 618543 is divided by 19?
17
What is the remainder when 5843 is divided by 1938?
29
Calculate the remainder when 11006 is divided by 408.
398
Calculate the remainder when 3715 is divided by 162.
151
What is the remainder when 150837 is divided by 15?
12
Calculate the remainder when 93520 is divided by 46756.
8
Calculate the remainder when 311514 is divided by 109.
101
What is the remainder when 39857 is divided by 38?
33
Calculate the remainder when 1916 is divided by 344.
196
What is the remainder when 11168 is divided by 28?
24
What is the remainder when 1994 is divided by 133?
132
Calculate the remainder when 2324885 is divided by 2346.
2345
Calculate the remainder when 31583 is divided by 7867.
115
What is the remainder when 38035 is divided by 19002?
31
What is the remainder when 6450 is divided by 359?
347
What is the remainder when 18666 is divided by 13?
11
What is the remainder when 73755 is divided by 461?
456
Calculate the remainder when 2025 is divided by 218.
63
What is the remainder when 4297 is divided by 863?
845
What is the remainder when 387552 is divided by 514?
510
Calculate the remainder when 141699 is divided by 8856.
3
What is the remainder when 5743 is divided by 2?
1
What is the remainder when 65161 is divided by 266?
257
What is the remainder when 10026 is divided by 234?
198
Calculate the remainder when 1509177 is divided by 379.
378
What is the remainder when 666742 is divided by 166683?
10
What is the remainder when 2024 is divided by 90?
44
Calculate the remainder when 837141 is divided by 44.
41
Calculate the remainder when 701 is divided by 2.
1
What is the remainder when 33389 is divided by 1674?
1583
What is the remainder when 754959 is divided by 30?
9
What is the remainder when 1233 is divided by 416?
401
What is the remainder when 25589 is divided by 156?
5
Calculate the remainder when 1639 is divided by 254.
115
Calculate the remainder when 2572 is divided by 2553.
19
What is the remainder when 62238 is divided by 6221?
28
What is the remainder when 136895 is divided by 24?
23
What is the remainder when 10454 is divided by 10437?
17
Calculate the remainder when 13728 is divided by 161.
43
Calculate the remainder when 51748 is divided by 45.
43
What is the remainder when 643873 is divided by 13?
9
Calculate the remainder when 248107 is divided by 215.
212
Calculate the remainder when 5666 is divided by 14.
10
What is the remainder when 18020 is divided by 6000?
20
Calculate the remainder when 5263 is divided by 226.
65
Calculate the remainder when 12716 is divided by 2119.
2
What is the remainder when 17049 is divided by 3381?
144
What is the remainder when 4375 is divided by 1208?
751
Calculate the remainder when 1578461 is divided by 7972.
5
What is the remainder when 2440 is divided by 827?
786
What is the remainder when 6896 is divided by 413?
288
What is the remainder when 59286 is divided by 516?
462
Calculate the remainder when 2237 is divided by 117.
14
Calculate the remainder when 26708 is divided by 38.
32
What is the remainder when 7492 is divided by 1054?
114
Calculate the remainder when 7196 is divided by 314.
288
Calculate the remainder when 72334 is divided by 66.
64
Calculate the remainder when 533011 is divided by 59221.
22
What is the remainder when 25623 is divided by 5120?
23
What is the remainder when 1403 is divided by 464?
11
What is the remainder when 59776 is divided by 446?
12
Calculate the remainder when 108854 is divided by 295.
294
What is the remainder when 8106 is divided by 803?
76
What is the remainder when 111994 is divided by 183?
181
What is the remainder when 5072 is divided by 95?
37
What is the remainder when 30158 is divided by 2010?
8
What is the remainder when 153249 is divided by 396?
393
What is the remainder when 376363 is divided by 1144?
1131
What is the remainder when 9971 is divided by 2426?
267
Calculate the remainder when 15459 is divided by 736.
3
What is the remainder when 14069 is divided by 1977?
230
Calculate the remainder when 180468 is divided by 251.
250
What is the remainder when 40960 is divided by 30?
10
Calculate the remainder when 56951 is divided by 233.
99
What is the remainder when 482343 is divided by 9?
6
What is the remainder when 258 is divided by 136?
122
Calculate the remainder when 275 is divided by 88.
11
Calculate the remainder when 891 is divided by 43.
31
Calculate the remainder when 5399357 is divided by 49.
47
What is the remainder when 54682 is divided by 279?
277
What is the remainder when 4998 is divided by 105?
63
Calculate the remainder when